factors of 3805963?
7, 31, 17539
What are the prime factors of 68729593?
19, 3617347
What are the prime factors of 2919860?
2, 5, 67, 2179
List the prime factors of 3561446199.
3, 113, 10505741
List the prime factors of 422397684.
2, 3, 11733269
What are the prime factors of 41309026?
2, 11, 1877683
What are the prime factors of 778420890?
2, 3, 5, 13, 521, 1277
List the prime factors of 114845301.
3, 251, 50839
List the prime factors of 117355337.
11, 139, 76753
What are the prime factors of 4154276458?
2, 31, 5153, 13003
List the prime factors of 46519943.
46519943
What are the prime factors of 2505203?
31, 211, 383
What are the prime factors of 854633885?
5, 7, 23, 31, 1489
What are the prime factors of 63039148?
2, 15759787
List the prime factors of 506015379.
3, 56223931
What are the prime factors of 2060644518?
2, 3, 3433, 33347
What are the prime factors of 996468852?
2, 3, 83039071
What are the prime factors of 403805898?
2, 3, 19, 127, 1033
List the prime factors of 13022482.
2, 11, 193, 3067
List the prime factors of 3306819337.
19, 29, 97, 61871
List the prime factors of 391587734.
2, 195793867
List the prime factors of 21608474.
2, 10804237
What are the prime factors of 81772494?
2, 3, 761, 17909
List the prime factors of 3725182473.
3, 1241727491
What are the prime factors of 896030185?
5, 179206037
List the prime factors of 77685618.
2, 3, 223, 58061
List the prime factors of 1514730431.
101, 14997331
List the prime factors of 212929181.
19, 2389, 4691
List the prime factors of 6478047703.
6478047703
List the prime factors of 475118867.
475118867
What are the prime factors of 270500653?
367, 737059
List the prime factors of 210876998.
2, 73, 1181, 1223
What are the prime factors of 1388550321?
3, 41, 89, 42281
List the prime factors of 1374049453.
7, 196292779
What are the prime factors of 59208498?
2, 3, 3289361
What are the prime factors of 5780440?
2, 5, 144511
List the prime factors of 331338109.
17, 47, 414691
What are the prime factors of 275733925?
5, 223, 49459
List the prime factors of 80904087.
3, 11, 23, 35531
What are the prime factors of 206077944?
2, 3, 17, 29, 17417
What are the prime factors of 120960868?
2, 7, 461, 9371
What are the prime factors of 73625132?
2, 7, 2629469
List the prime factors of 82775388.
2, 3, 6897949
List the prime factors of 25923289.
7, 3703327
List the prime factors of 52865068.
2, 19, 695593
What are the prime factors of 3302742316?
2, 23, 3923, 9151
List the prime factors of 118025278.
2, 7, 8430377
List the prime factors of 3015513263.
7, 223, 275969
What are the prime factors of 88921485?
3, 5, 31, 63743
What are the prime factors of 4409656289?
229, 241, 79901
What are the prime factors of 2526575?
5, 101063
What are the prime factors of 2926073640?
2, 3, 5, 7, 131, 26591
List the prime factors of 5266422783.
3, 585158087
What are the prime factors of 5633685141?
3, 7, 107, 2507203
List the prime factors of 114633789.
3, 38211263
List the prime factors of 991174105.
5, 101, 311, 6311
List the prime factors of 238704331.
238704331
List the prime factors of 16808656.
2, 37, 28393
List the prime factors of 126831340.
2, 5, 79, 80273
List the prime factors of 101857259.
7, 107, 239, 569
What are the prime factors of 1354643518?
2, 31, 21849089
List the prime factors of 3029613980.
2, 5, 1721, 88019
List the prime factors of 13873487.
1831, 7577
What are the prime factors of 1314737933?
1314737933
What are the prime factors of 4206117423?
3, 1402039141
List the prime factors of 6077496.
2, 3, 253229
List the prime factors of 303372610.
2, 5, 3583, 8467
What are the prime factors of 690212285?
5, 7, 101, 27893
List the prime factors of 1739650.
2, 5, 11, 3163
What are the prime factors of 15418993?
23, 41, 83, 197
What are the prime factors of 89373185?
5, 11, 1624967
List the prime factors of 1507857956.
2, 11, 71, 3989
List the prime factors of 1559919904.
2, 6217, 7841
What are the prime factors of 331116814?
2, 7, 67, 211, 239
List the prime factors of 124936868.
2, 7, 113, 5641
List the prime factors of 44966523.
3, 7, 31, 69073
What are the prime factors of 654023037?
3, 1987, 109717
List the prime factors of 843201977.
14939, 56443
What are the prime factors of 17203544?
2, 241, 8923
What are the prime factors of 37074644?
2, 29, 103, 107
List the prime factors of 261516648.
2, 3, 47, 231841
List the prime factors of 52711040.
2, 5, 82361
List the prime factors of 400665515.
5, 80133103
List the prime factors of 1489449852.
2, 3, 11, 839, 4483
What are the prime factors of 39187744?
2, 277, 4421
List the prime factors of 2473847265.
3, 5, 1021, 161531
List the prime factors of 324908243.
11, 29537113
List the prime factors of 922425268.
2, 230606317
What are the prime factors of 4151628716?
2, 191, 269, 20201
What are the prime factors of 4455762646?
2, 2227881323
What are the prime factors of 491789996?
2, 19, 137, 149, 317
What are the prime factors of 23025505?
5, 4605101
What are the prime factors of 3177227827?
3177227827
List the prime factors of 47592074.
2, 19, 29, 2273
List the prime factors of 1434449572.
2, 113, 3173561
What are the prime factors of 111245983?
79, 1408177
List the prime factors of 65222846.
2, 13, 17, 11351
What are the prime factors of 289635398?
2, 13, 41, 271703
What are the prime factors of 1035758503?
13, 79673731
What are the prime factors of 54000315?
3, 5, 1200007
List the prime factors of 84769791.
3, 2311, 12227
List the prime factors of 17596094.
2, 8798047
What are the prime factors of 103370167?
101, 1023467
What are the prime factors of 162850278?
2, 3, 41, 661993
List the prime factors of 577431860.
2, 5, 17, 109, 15581
What are the prime factors of 18104799?
3, 59, 233, 439
What are the prime factors of 71466464?
2, 59, 37853
List the prime factors of 214784988.
2, 3, 11, 31, 52489
What are the prime factors of 2695012298?
2, 11, 122500559
What are the prime factors of 920301760?
2, 5, 7, 23, 17863
What are the prime factors of 218216761?
7, 31173823
What are the prime factors of 74164029?
3, 23, 569, 1889
List the prime factors of 567080423.
7, 13, 163, 38231
List the prime factors of 20147885.
5, 19, 23, 9221
List the prime factors of 1319301359.
17359, 76001
What are the prime factors of 272639955?
3, 5, 7, 41, 63331
List the prime factors of 37777084.
2, 9444271
List the prime factors of 361700902.
2, 191, 946861
List the prime factors of 27222420.
2, 3, 5, 453707
List the prime factors of 4446490194.
2, 3, 79, 1042309
List the prime factors of 1367178319.
13, 101, 229, 4547
What are the prime factors of 189310758?
2, 3, 7, 13, 149, 179
What are the prime factors of 1415323677?
3, 6949, 67891
List the prime factors of 585485409.
3, 195161803
What are the prime factors of 1179147504?
2, 3, 24565573
What are the prime factors of 474901944?
2, 3, 11, 1798871
What are the prime factors of 341049886?
2, 17, 19, 527941
What are the prime factors of 486494520?
2, 3, 5, 41, 61, 1621
List the prime factors of 558626325.
3, 5, 7448351
List the prime factors of 215922274.
2, 107961137
List the prime factors of 72131824.
2, 4508239
List the prime factors of 35634943.
151, 409, 577
What are the prime factors of 1435760036?
2, 53, 439, 15427
What are the prime factors of 40875393?
3, 13, 23, 45569
List the prime factors of 531753156.
2, 3, 11, 103, 13037
What are the prime factors of 55178149?
13, 4244473
What are the prime factors of 269661207?
3, 79, 1137811
What are the prime factors of 52164534?
2, 3, 17, 511417
What are the prime factors of 2057135295?
3, 5, 23, 5962711
List the prime factors of 164856686.
2, 23, 3583841
List the prime factors of 74857209.
3, 7, 3564629
List the prime factors of 1683529357.
223, 7549459
What are the prime factors of 140919890?
2, 5, 83, 169783
List the prime factors of 302940449.
7, 157, 275651
List the prime factors of 13106002.
2, 7, 13, 107, 673
What are the prime factors of 1291022510?
2, 5, 509, 253639
List the prime factors of 271756343.
271756343
What are the prime factors of 3205905489?
3, 356211721
List the prime factors of 300842555.
5, 13, 787, 5881
What are the prime factors of 78631090?
2, 5, 43, 107, 1709
What are the prime factors of 3232555022?
2, 79, 20459209
List the prime factors of 1286